{"id":266,"date":"2022-05-05T00:30:53","date_gmt":"2022-05-04T22:30:53","guid":{"rendered":"https:\/\/chateauderolle.ch\/?page_id=266"},"modified":"2022-05-05T00:30:53","modified_gmt":"2022-05-04T22:30:53","slug":"histoire","status":"publish","type":"page","link":"https:\/\/chateauderolle.ch\/index.php\/histoire\/","title":{"rendered":"HISTOIRE"},"content":{"rendered":"<p style=\"text-align: justify;\"><span style=\"font-size: 16px;\"><strong>7 SI\u00c8CLES D\u2019HISTOIRE<\/strong><\/span><\/p>\n<p>Parmi les nombreux ch\u00e2teaux forts qui, tout au long du Moyen Age, ont vu le jour sur les rives du lac L\u00e9man, celui de Rolle est l&rsquo;un des plus myst\u00e9rieux, du moins en ce qui concerne son origine et l&rsquo;histoire de sa construction. Comme celui de Morges, il s&rsquo;\u00e9l\u00e8ve tout pr\u00e8s de l&rsquo;eau et, jadis, \u00e9tait prot\u00e9g\u00e9 du c\u00f4t\u00e9 de la ville par des foss\u00e9s. D\u00e9pourvu de ses fortifications ext\u00e9rieures cet ouvrage se pr\u00e9sente aujourd&rsquo;hui comme un quadrilat\u00e8re de plan irr\u00e9gulier, flanqu\u00e9 \u00e0 chaque angle d&rsquo;une tour.<\/p>\n<p>Sa partie ouest a presque compl\u00e8tement perdu sa silhouette moyen\u00e2geuse. Aussi bien dans la forme que dans le genre de leur construction, les tours d&rsquo;angle diff\u00e8rent fortement l&rsquo;une de l&rsquo;autre. Celle de l&rsquo;angle nord-ouest est de plan circulaire, la tour flanquant l&rsquo;angle obtus tourn\u00e9 vers le lac est construite sur un plan rectangulaire, tandis que le plan des deux autres d\u00e9crit un demi-ovale ferm\u00e9 et surhauss\u00e9. Entre ces tours, l&rsquo;enceinte d\u00e9crit des lignes droites. Par endroits, les restes d&rsquo;un chemin de ronde sont encore visibles.<\/p>\n<p>Quelques longs b\u00e2timents contigus s&rsquo;adossent sur la face int\u00e9rieure des murailles, o\u00f9 ils cernent une vaste cour. Plusieurs phases de construction se profilent sur ces b\u00e2tisses. Des arcades am\u00e9nag\u00e9es du c\u00f4t\u00e9 de la cour ont en grande partie \u00e9t\u00e9 mur\u00e9es. La distribution int\u00e9rieure a elle aussi subi divers remaniements. Sont notamment de date r\u00e9cente les grandes fen\u00eatres qui, surtout du c\u00f4t\u00e9 ext\u00e9rieur, ont largement entrav\u00e9 le caract\u00e8re d\u00e9fensif du ch\u00e2teau. Les meurtri\u00e8res dont sont munis le mur d&rsquo;enceinte et les tours d&rsquo;angle ont \u00e9t\u00e9 modifi\u00e9es lorsque apparurent les armes \u00e0 feu.<\/p>\n<p>Sans une \u00e9tude arch\u00e9ologique approfondie, il n&rsquo;est pas possible d&rsquo;expliquer de fa\u00e7on concluante pourquoi la forteresse de Rolle pr\u00e9sente un plan aussi \u00e9trangement irr\u00e9gulier, surtout en ce qui concerne la partie donnant sur le lac, avec son mur d&rsquo;enceinte \u00e0 angle obtus et sa tour carr\u00e9e. Pour ce qui est du reste du ch\u00e2teau, donc de la tour ronde et des deux tours flanquantes semi-circulaires, on a tendance \u00e0 voir l\u00e0 le torse d&rsquo;un ouvrage correspondant au mod\u00e8le du carr\u00e9 savoyard, avec donjon rond et tours d&rsquo;angle plus petites. Mais comment la partie orientale du ch\u00e2teau, totalement diff\u00e9rente du sch\u00e9ma habituel, s&rsquo;explique-t-elle? Le plan primitif du carr\u00e9 n&rsquo;a-t-il jamais \u00e9t\u00e9 mis \u00e0 ex\u00e9cution du c\u00f4t\u00e9 du lac ou a-t-il \u00e9t\u00e9 librement modifi\u00e9 pour permettre d&rsquo;englober dans l&rsquo;ouvrage une tour plus ancienne?<\/p>\n","protected":false},"excerpt":{"rendered":"<p>7 SI\u00c8CLES D\u2019HISTOIRE Parmi les nombreux ch\u00e2teaux forts qui, tout au long du Moyen Age, ont vu le jour sur les rives du lac L\u00e9man, celui de Rolle est l&rsquo;un des plus myst\u00e9rieux, du moins en ce qui concerne son origine et l&rsquo;histoire de sa construction. Comme celui de Morges, il s&rsquo;\u00e9l\u00e8ve tout pr\u00e8s de&#8230;<\/p>\n","protected":false},"author":1,"featured_media":0,"parent":0,"menu_order":0,"comment_status":"closed","ping_status":"closed","template":"","meta":{"_et_pb_use_builder":"","_et_pb_old_content":"","_et_gb_content_width":"","footnotes":""},"class_list":["post-266","page","type-page","status-publish","hentry"],"_links":{"self":[{"href":"https:\/\/chateauderolle.ch\/index.php\/wp-json\/wp\/v2\/pages\/266","targetHints":{"allow":["GET"]}}],"collection":[{"href":"https:\/\/chateauderolle.ch\/index.php\/wp-json\/wp\/v2\/pages"}],"about":[{"href":"https:\/\/chateauderolle.ch\/index.php\/wp-json\/wp\/v2\/types\/page"}],"author":[{"embeddable":true,"href":"https:\/\/chateauderolle.ch\/index.php\/wp-json\/wp\/v2\/users\/1"}],"replies":[{"embeddable":true,"href":"https:\/\/chateauderolle.ch\/index.php\/wp-json\/wp\/v2\/comments?post=266"}],"version-history":[{"count":1,"href":"https:\/\/chateauderolle.ch\/index.php\/wp-json\/wp\/v2\/pages\/266\/revisions"}],"predecessor-version":[{"id":267,"href":"https:\/\/chateauderolle.ch\/index.php\/wp-json\/wp\/v2\/pages\/266\/revisions\/267"}],"wp:attachment":[{"href":"https:\/\/chateauderolle.ch\/index.php\/wp-json\/wp\/v2\/media?parent=266"}],"curies":[{"name":"wp","href":"https:\/\/api.w.org\/{rel}","templated":true}]}}